 37, 776057
List the prime factors of 176221226.
2, 29, 479, 6343
What are the prime factors of 609740177?
1951, 312527
What are the prime factors of 17932635?
3, 5, 7, 56929
List the prime factors of 6817817.
293, 23269
List the prime factors of 3291183752.
2, 61, 6744229
List the prime factors of 43671782.
2, 7, 11, 283583
List the prime factors of 46644002.
2, 97, 240433
What are the prime factors of 977483058?
2, 3, 1709, 95327
What are the prime factors of 1455846374?
2, 17, 61, 701951
What are the prime factors of 3378123232?
2, 11, 29, 149, 2221
What are the prime factors of 47994670?
2, 5, 4799467
What are the prime factors of 53146787?
59, 397, 2269
List the prime factors of 3220290664.
2, 31, 12985043
List the prime factors of 2157808650.
2, 3, 5, 97, 148303
List the prime factors of 559792876.
2, 139948219
What are the prime factors of 4431328?
2, 11, 12589
List the prime factors of 11391250.
2, 5, 13, 701
List the prime factors of 5689792584.
2, 3, 7, 457, 3529
What are the prime factors of 40223647?
31, 1297537
List the prime factors of 193168449.
3, 29, 47, 181
List the prime factors of 1927716481.
281, 1283, 5347
List the prime factors of 2050118347.
2050118347
List the prime factors of 155037760.
2, 5, 484493
List the prime factors of 75142065.
3, 5, 5009471
List the prime factors of 789611462.
2, 19, 139, 149491
What are the prime factors of 647594293?
9007, 71899
What are the prime factors of 30811288?
2, 997, 3863
What are the prime factors of 2277030158?
2, 13, 87578083
What are the prime factors of 1998558453?
3, 19, 173, 10667
List the prime factors of 1303624832.
2, 1451, 7019
List the prime factors of 1205095695.
3, 5, 23, 3493031
What are the prime factors of 210424860?
2, 3, 5, 1169027
What are the prime factors of 391191914?
2, 31, 6309547
What are the prime factors of 148396378?
2, 13, 5707553
List the prime factors of 76756795.
5, 79, 317, 613
What are the prime factors of 836673256?
2, 104584157
List the prime factors of 112907531.
11, 167, 61463
List the prime factors of 202176152.
2, 25272019
List the prime factors of 180358356.
2, 3, 103, 337, 433
What are the prime factors of 1062404329?
7, 21681721
What are the prime factors of 185335217?
3823, 48479
List the prime factors of 1303016866.
2, 651508433
What are the prime factors of 4888695?
3, 5, 7, 46559
List the prime factors of 1039015186.
2, 11, 479, 98597
What are the prime factors of 3438244362?
2, 3, 7, 81862961
List the prime factors of 20464933.
223, 91771
What are the prime factors of 401206730?
2, 5, 41, 751, 1303
What are the prime factors of 1243062238?
2, 11, 1831, 30859
List the prime factors of 115840972.
2, 13, 23, 96857
List the prime factors of 1321532332.
2, 17, 2399, 8101
What are the prime factors of 37498268?
2, 359, 26113
List the prime factors of 1810400370.
2, 3, 5, 19, 971, 3271
What are the prime factors of 29681027?
109, 317, 859
List the prime factors of 52365348.
2, 3, 7, 207799
List the prime factors of 154106681.
83, 839, 2213
What are the prime factors of 106600865?
5, 7, 3045739
List the prime factors of 895793363.
895793363
List the prime factors of 353147200.
2, 5, 7, 31531
What are the prime factors of 105170514?
2, 3, 107, 1531
List the prime factors of 977559799.
1223, 799313
List the prime factors of 452269523.
3491, 129553
What are the prime factors of 103059620?
2, 5, 29, 137, 1297
What are the prime factors of 932737937?
53, 17598829
What are the prime factors of 111558103?
111558103
List the prime factors of 1143660990.
2, 3, 5, 31, 1229743
List the prime factors of 823718392.
2, 7, 389, 37813
What are the prime factors of 68106057?
3, 22702019
What are the prime factors of 731473266?
2, 3, 389, 313399
What are the prime factors of 271839794?
2, 29, 5573
What are the prime factors of 72067022?
2, 307, 117373
What are the prime factors of 403323785?
5, 80664757
List the prime factors of 1545696166.
2, 7, 379, 523, 557
List the prime factors of 83890526.
2, 31, 349, 3877
List the prime factors of 57124203.
3, 19, 23, 43573
List the prime factors of 671702609.
671702609
List the prime factors of 193001565.
3, 5, 12866771
List the prime factors of 4071621806.
2, 7, 71, 4096199
List the prime factors of 22729194.
2, 3, 347, 1213
What are the prime factors of 156697546?
2, 191, 410203
What are the prime factors of 217568814?
2, 3, 163, 269, 827
List the prime factors of 39739789.
1693, 23473
What are the prime factors of 9172061633?
7, 1787, 733237
List the prime factors of 390890984.
2, 11, 43, 9391
List the prime factors of 1381298454.
2, 3, 25579601
List the prime factors of 282739300.
2, 5, 2827393
What are the prime factors of 31126741?
53, 587297
What are the prime factors of 97970008?
2, 151, 81101
List the prime factors of 292085048.
2, 36510631
What are the prime factors of 126357438?
2, 3, 97, 199, 1091
What are the prime factors of 122638651?
29, 47, 89977
List the prime factors of 3247873284.
2, 3, 53, 5106719
What are the prime factors of 1464774809?
19, 109, 707279
List the prime factors of 178088035.
5, 757, 47051
List the prime factors of 5980486.
2, 389, 7687
What are the prime factors of 1012793014?
2, 3301, 153407
What are the prime factors of 74671132?
2, 18667783
List the prime factors of 79569944.
2, 9946243
What are the prime factors of 7979596220?
2, 5, 251, 1589561
What are the prime factors of 155071564?
2, 73, 151, 3517
What are the prime factors of 827286275?
5, 53, 563, 1109
List the prime factors of 2054341744.
2, 7, 13, 17, 82997
What are the prime factors of 120489495?
3, 5, 7, 229, 5011
What are the prime factors of 2506146154?
2, 17, 1103, 3931
List the prime factors of 17776770.
2, 3, 5, 11, 103, 523
What are the prime factors of 617908281?
3, 73, 1187, 2377
List the prime factors of 119983414.
2, 53, 1131919
What are the prime factors of 226189972?
2, 1187, 47639
List the prime factors of 175219527.
3, 7, 17, 41, 11971
What are the prime factors of 1368162055?
5, 13, 21048647
What are the prime factors of 3781699462?
2, 1890849731
List the prime factors of 24748894.
2, 12374447
List the prime factors of 745469244.
2, 3, 13, 17, 29, 359
What are the prime factors of 635231661?
3, 211743887
What are the prime factors of 12180541?
61, 233, 857
List the prime factors of 30839856.
2, 3, 193, 3329
What are the prime factors of 1177200001?
929, 977, 1297
List the prime factors of 29721639.
3, 89, 111317
What are the prime factors of 14337749?
17, 843397
What are the prime factors of 33702031?
11, 29, 105649
What are the prime factors of 262563528?
2, 3, 83, 89, 1481
List the prime factors of 1119125769.
3, 83, 4494481
What are the prime factors of 259021784?
2, 7, 4625389
What are the prime factors of 464766806?
2, 7, 67, 467, 1061
List the prime factors of 47645779.
5147, 9257
What are the prime factors of 43180222?
2, 2137, 10103
List the prime factors of 1382379786.
2, 3, 17, 97, 46573
List the prime factors of 17815206.
2, 3, 137, 21673
List the prime factors of 70548381.
3, 37, 70619
What are the prime factors of 49579101?
3, 11, 13, 12841
What are the prime factors of 692490835?
5, 17, 263, 30977
List the prime factors of 65012371.
65012371
List the prime factors of 18528597.
3, 41, 149, 337
List the prime factors of 354143205.
3, 5, 13, 201791
What are the prime factors of 55061400?
2, 3, 5, 163, 563
List the prime factors of 134971421.
13, 19, 79, 6917
List the prime factors of 397571471.
11, 461, 78401
List the prime factors of 369429084.
2, 3, 19, 540101
What are the prime factors of 7454581963?
79, 94361797
List the prime factors of 47009940.
2, 3, 5, 53, 14783
List the prime factors of 102318085.
5, 20463617
What are the prime factors of 741060905?
5, 13, 11400937
What are the prime factors of 424690474?
2, 13, 281, 58129
What are the prime factors of 25730718?
2, 3, 13, 107, 3083
List the prime factors of 55991158.
2, 41, 682819
List the prime factors of 11829788.
2, 37, 67, 1193
List the prime factors of 115847823.
3, 7, 13, 424351
What are the prime factors of 129116206?
2, 64558103
List the prime factors of 773508783.
3, 5479, 47059
What are the prime factors of 20976666?
2, 3, 41, 71, 1201
List the prime factors of 183917483.
183917483
List the prime factors of 525937960.
